
5
What is the units digit of 35752305?
5
What is the tens digit of 83771841?
4
What is the hundreds digit of 715049603?
6
What is the ten millions digit of 1273472966?
7
What is the hundreds digit of 26432975?
9
What is the millions digit of 7045022444?
5
What is the ten millions digit of 228264392?
2
What is the units digit of 41417915?
5
What is the hundred millions digit of 1142680435?
1
What is the ten thousands digit of 36735552?
3
What is the hundred thousands digit of 1270387048?
3
What is the ten millions digit of 59538590?
5
What is the millions digit of 108024547?
8
What is the millions digit of 249862239?
9
What is the billions digit of 1365292281?
1
What is the units digit of 355980714?
4
What is the thousands digit of 182110394?
0
What is the ten thousands digit of 72059114?
5
What is the hundred thousands digit of 20264405?
2
What is the ten millions digit of 3037711373?
3
What is the millions digit of 456108971?
6
What is the hundreds digit of 306359043?
0
What is the ten thousands digit of 263709572?
0
What is the ten thousands digit of 74159691?
5
What is the thousands digit of 63747788?
7
What is the hundreds digit of 31737366?
3
What is the ten millions digit of 55512642?
5
What is the millions digit of 130032187?
0
What is the hundred thousands digit of 219107543?
1
What is the hundred thousands digit of 1756190935?
1
What is the tens digit of 3076139298?
9
What is the ten thousands digit of 7049972367?
7
What is the units digit of 4574736153?
3
What is the ten thousands digit of 950453726?
5
What is the hundreds digit of 52117010?
0
What is the ten millions digit of 4058882580?
5
What is the millions digit of 1034773664?
4
What is the hundred thousands digit of 1482995013?
9
What is the units digit of 5192152?
2
What is the hundred thousands digit of 679500771?
5
What is the hundreds digit of 70107360?
3
What is the thousands digit of 99243128?
3
What is the thousands digit of 569715677?
5
What is the tens digit of 2129346617?
1
What is the ten millions digit of 73430897?
7
What is the hundred millions digit of 164842618?
1
What is the units digit of 396436487?
7
What is the hundreds digit of 112979064?
0
What is the hundreds digit of 77996734?
7
What is the hundreds digit of 561356012?
0
What is the thousands digit of 4270569054?
9
What is the hundred thousands digit of 117071381?
0
What is the units digit of 2137577376?
6
What is the hundred thousands digit of 62820047?
8
What is the units digit of 133715208?
8
What is the hundred millions digit of 166649113?
1
What is the hundreds digit of 316429532?
5
What is the hundred millions digit of 249860274?
2
What is the thousands digit of 687134772?
4
What is the units digit of 56081462?
2
What is the tens digit of 4224386014?
1
What is the units digit of 295677489?
9
What is the hundred millions digit of 3867400552?
8
What is the ten millions digit of 814478437?
1
What is the thousands digit of 1698234215?
4
What is the ten millions digit of 14293695?
1
What is the hundreds digit of 408435824?
8
What is the millions digit of 223207363?
3
What is the ten millions digit of 88201330?
8
What is the hundred thousands digit of 1113088511?
0
What is the ten thousands digit of 383785841?
8
What is the hundred millions digit of 575190916?
5
What is the hundred thousands digit of 1584413425?
4
What is the hundred millions digit of 780352737?
7
What is the units digit of 4584794791?
1
What is the hundred millions digit of 2343071779?
3
What is the units digit of 11590458?
8
What is the hundred millions digit of 4764870527?
7
What is the hundred thousands digit of 101874471?
8
What is the hundred thousands digit of 640851895?
8
What is the hundreds digit of 65934291?
2
What is the units digit of 20249791?
1
What is the units digit of 4259757663?
3
What is the units digit of 2768426432?
2
What is the hundred thousands digit of 650772361?
7
What is the millions digit of 127131567?
7
What is the tens digit of 152063495?
9
What is the tens digit of 58331106?
0
What is the thousands digit of 117399706?
9
What is the thousands digit of 12351094?
1
What is the ten thousands digit of 378614961?
1
What is the hundreds digit of 731617213?
2
What is the thousands digit of 25634221?
4
What is the hundred thousands digit of 132748978?
7
What is the hundreds digit of 993186877?
8
What is the hundreds digit of 130540488?
4
What is the ten millions digit of 808072843?
0
What is the ten millions digit of 16448648?
1
What is the hundred thousands digit of 1275097193?
0
What is the hundreds digit of 25617803?
8
What is the hundred thousands digit of 34490072?
4
What is the units digit of 2466995457?
7
What is the hundred thousands digit of 1605251185?
2
What is the tens digit of 1294248748?
4
What is the millions digit of 40940529?
0
What is the thousands digit of 204473155?
3
What is the ten millions digit of 426669315?
2
What is the ten millions digit of 54733977?
5
What is the thousands digit of 2060443975?
3
What is the thousands digit of 2940897891?
7
What is the thousands digit of 216941733?
1
What is the tens digit of 481171861?
6
What is the tens digit of 342515591?
9
What is the ten thousands digit of 78442275?
4
What is the ten thousands digit of 4233093042?
9
What is the hundred millions digit of 1334057140?
3
What is the millions digit of 27094270?
7
What is the hundred thousands digit of 52143780?
1
What is the millions digit of 728489342?
8
What is the hundred thousands digit of 193117160?
1
What is the units digit of 368953630?
0
What is the units digit of 47378912?
2
What is the millions digit of 70214648?
0
What is the units digit of 304971089?
9
What is the hundreds digit of 10781322?
3
What is the units digit of 103110855?
5
What is the tens digit of 32159620?
2
What is the tens digit of 206825078?
7
What is the units digit of 55454645?
5
What is the ten millions digit of 36595298?
3
What is the millions digit of 110424282?
0
What is the ten millions digit of 358596578?
5
What is the hundred thousands digit of 1214328?
2
What is the tens digit of 551967516?
1
What is the units digit of 55428062?
2
What is the ten thousands digit of 587858934?
5
What is the thousands digit of 745862632?
2
What is the ten thousands digit of 7685212?
8
What is the hundreds digit of 43000063?
0
What is the hundred thousands digit of 201151557?
1
What is the hundreds digit of 717112044?
0
What is the thousands digit of 255409048?
9
What is the thousands digit of 504456840?
6
What is the hundred thousands digit of 1728646733?
6
What is the ten millions digit of 450676945?
5
What is the ten millions digit of 17979881?
1
What is the ten thousands digit of 274476398?
7
What is the hundred thousands digit of 50553814?
5
What is the units digit of 583968?
8
What is the units digit of 41112426?
6
What is the tens digit of 7640557?
5
What is the tens digit of 354818207?
0
What is the hundred millions digit of 1622202156?
6
What is the tens digit of 931747289?
8
What is the millions digit of 51143702?
1
What is the hundreds digit of 31017991?
9
What is the hundreds digit of 726540555?
5
What is the units digit of 625919238?
8
What is the ten millions digit of 889851594?
8
What is the hundred millions digit of 183939685?
1
What is the ten thousands digit of 157422767?
2
What is the millions digit of 1925702452?
5
What is the thousands digit of 270084684?
4
What is the ten thousands digit of 153068307?
6
What is the ten millions digit of 74781290?
7
What is the ten thousands digit of 730175043?
7
What is the ten thousands digit of 3783830017?
3
What is the billions digit of 2394965820?
2
What is the hundred thousands digit of 752626580?
6
What is the ten thousands digit of 51653536?
5
What is the ten millions digit of 1712208795?
1
What is the hundred millions digit of 370613427?
3
What is the hundred millions digit of 805995057?
8
What is the millions digit of 449076398?
9
What is the hundred millions digit of 7356906994?
3
What is the hundred thousands digit of 207927796?
9
What is the hundred thousands digit of 2233860?
2
What is the hundred thousands digit of 2444697994?
6
What is the hundreds digit of 884341429?
4
What is the ten thousands digit of 145606931?
0
What is the millions digit of 716553510?
6
What